{"id":2068,"date":"2024-07-08T17:34:51","date_gmt":"2024-07-08T15:34:51","guid":{"rendered":"https:\/\/mcsantos.com\/?post_type=product&#038;p=2068"},"modified":"2025-11-18T18:56:14","modified_gmt":"2025-11-18T17:56:14","slug":"snapback-cap-mc","status":"publish","type":"product","link":"https:\/\/mcsantos.com\/index.php\/product\/snapback-cap-mc\/","title":{"rendered":"SNAPBACK CAP MC"},"content":{"rendered":"<p>SNAPBACK CAP MC Santos Unique Size<\/p>\n","protected":false},"excerpt":{"rendered":"<p>SNAPBACK CAP MC Santos Unique Size inspired by American sources.<\/p>\n<p>Personalized by MC Santos<\/p>\n<p>Welcome to ours space<\/p>\n<p>100% COTON<\/p>\n<p>LOGO MC Santos embroider<\/p>\n<p>Export price is to guarantee quality and safe delivery with tracking number !!!<\/p>\n<p>Le prix d&#8217;exportation est pour garantir la qualit\u00e9 et une livraison s\u00fbre avec numero de tracking !!!<\/p>\n<p>Pre\u00e7o de exporta\u00e7\u00e3o \u00e9 para garantir uma entrega de qualidade e segura com numero de tracking !!!<\/p>\n","protected":false},"featured_media":2064,"comment_status":"open","ping_status":"closed","template":"","meta":[],"etheme_brands":[],"product_brand":[],"product_cat":[66],"product_tag":[],"class_list":{"0":"post-2068","1":"product","2":"type-product","3":"status-publish","4":"has-post-thumbnail","6":"product_cat-cap","7":"product_shipping_class-l","9":"first","10":"instock","11":"taxable","12":"shipping-taxable","13":"purchasable","14":"product-type-simple"},"aioseo_notices":[],"_links":{"self":[{"href":"https:\/\/mcsantos.com\/index.php\/wp-json\/wp\/v2\/product\/2068","targetHints":{"allow":["GET"]}}],"collection":[{"href":"https:\/\/mcsantos.com\/index.php\/wp-json\/wp\/v2\/product"}],"about":[{"href":"https:\/\/mcsantos.com\/index.php\/wp-json\/wp\/v2\/types\/product"}],"replies":[{"embeddable":true,"href":"https:\/\/mcsantos.com\/index.php\/wp-json\/wp\/v2\/comments?post=2068"}],"version-history":[{"count":4,"href":"https:\/\/mcsantos.com\/index.php\/wp-json\/wp\/v2\/product\/2068\/revisions"}],"predecessor-version":[{"id":2105,"href":"https:\/\/mcsantos.com\/index.php\/wp-json\/wp\/v2\/product\/2068\/revisions\/2105"}],"wp:featuredmedia":[{"embeddable":true,"href":"https:\/\/mcsantos.com\/index.php\/wp-json\/wp\/v2\/media\/2064"}],"wp:attachment":[{"href":"https:\/\/mcsantos.com\/index.php\/wp-json\/wp\/v2\/media?parent=2068"}],"wp:term":[{"taxonomy":"brand","embeddable":true,"href":"https:\/\/mcsantos.com\/index.php\/wp-json\/wp\/v2\/etheme_brands?post=2068"},{"taxonomy":"product_brand","embeddable":true,"href":"https:\/\/mcsantos.com\/index.php\/wp-json\/wp\/v2\/product_brand?post=2068"},{"taxonomy":"product_cat","embeddable":true,"href":"https:\/\/mcsantos.com\/index.php\/wp-json\/wp\/v2\/product_cat?post=2068"},{"taxonomy":"product_tag","embeddable":true,"href":"https:\/\/mcsantos.com\/index.php\/wp-json\/wp\/v2\/product_tag?post=2068"}],"curies":[{"name":"wp","href":"https:\/\/api.w.org\/{rel}","templated":true}]}}